{"version":"1.0","provider_name":"Les Cascavelles","provider_url":"https:\/\/www.irsam.fr\/lescascavelles","author_name":"Leslie ABOUZIT","author_url":"https:\/\/www.irsam.fr\/lescascavelles\/author\/labouzit\/","title":"Journ\u00e9e de sensibilisation \u00e0 l'Autisme - Les Cascavelles","type":"rich","width":600,"height":338,"html":"<blockquote class=\"wp-embedded-content\" data-secret=\"DkdC4Oj0V8\"><a href=\"https:\/\/www.irsam.fr\/lescascavelles\/2023\/04\/28\/journee-de-sensibilisation-a-lautisme\/\">Journ\u00e9e de sensibilisation \u00e0 l&rsquo;Autisme<\/a><\/blockquote><iframe sandbox=\"allow-scripts\" security=\"restricted\" src=\"https:\/\/www.irsam.fr\/lescascavelles\/2023\/04\/28\/journee-de-sensibilisation-a-lautisme\/embed\/#?secret=DkdC4Oj0V8\" width=\"600\" height=\"338\" title=\"\u00ab\u00a0Journ\u00e9e de sensibilisation \u00e0 l&rsquo;Autisme\u00a0\u00bb &#8212; Les Cascavelles\" data-secret=\"DkdC4Oj0V8\" frameborder=\"0\" marginwidth=\"0\" marginheight=\"0\" scrolling=\"no\" class=\"wp-embedded-content\"><\/iframe><script type=\"text\/javascript\">\n\/* <![CDATA[ *\/\n\/*! This file is auto-generated *\/\n!function(d,l){\"use strict\";l.querySelector&&d.addEventListener&&\"undefined\"!=typeof URL&&(d.wp=d.wp||{},d.wp.receiveEmbedMessage||(d.wp.receiveEmbedMessage=function(e){var t=e.data;if((t||t.secret||t.message||t.value)&&!\/[^a-zA-Z0-9]\/.test(t.secret)){for(var s,r,n,a=l.querySelectorAll('iframe[data-secret=\"'+t.secret+'\"]'),o=l.querySelectorAll('blockquote[data-secret=\"'+t.secret+'\"]'),c=new RegExp(\"^https?:$\",\"i\"),i=0;i<o.length;i++)o[i].style.display=\"none\";for(i=0;i<a.length;i++)s=a[i],e.source===s.contentWindow&&(s.removeAttribute(\"style\"),\"height\"===t.message?(1e3<(r=parseInt(t.value,10))?r=1e3:~~r<200&&(r=200),s.height=r):\"link\"===t.message&&(r=new URL(s.getAttribute(\"src\")),n=new URL(t.value),c.test(n.protocol))&&n.host===r.host&&l.activeElement===s&&(d.top.location.href=t.value))}},d.addEventListener(\"message\",d.wp.receiveEmbedMessage,!1),l.addEventListener(\"DOMContentLoaded\",function(){for(var e,t,s=l.querySelectorAll(\"iframe.wp-embedded-content\"),r=0;r<s.length;r++)(t=(e=s[r]).getAttribute(\"data-secret\"))||(t=Math.random().toString(36).substring(2,12),e.src+=\"#?secret=\"+t,e.setAttribute(\"data-secret\",t)),e.contentWindow.postMessage({message:\"ready\",secret:t},\"*\")},!1)))}(window,document);\n\/\/# sourceURL=https:\/\/www.irsam.fr\/lescascavelles\/wp-includes\/js\/wp-embed.min.js\n\/* ]]> *\/\n<\/script>\n","thumbnail_url":"https:\/\/www.irsam.fr\/lescascavelles\/wp-content\/uploads\/sites\/25\/2023\/04\/image00016.jpeg","thumbnail_width":1000,"thumbnail_height":750,"description":"Les personnes accompagn\u00e9es et les professionnels de l&rsquo;EAM (Etablissement d&rsquo;Accueil M\u00e9dicalis\u00e9) IRSAM Les Cascavelles ont particip\u00e9 \u00e0 la journ\u00e9e mondiale de sensibilisation \u00e0 l\u2019Autisme. Le samedi 1er avril, les professionnels ont tenu un stand au Blue Bayou \u00e0 l\u2019Etang Sal\u00e9 [&hellip;]"}

Journée de sensibilisation à l'Autisme - Les Cascavelles

<blockquote class="wp-embedded-content" data-secret="DkdC4Oj0V8"><a href="https://www.irsam.fr/lescascavelles/2023/04/28/journee-de-sensibilisation-a-lautisme/">Journée de sensibilisation à l&rsquo;Autisme</a></blockquote><iframe sandbox="allow-scripts" security="restricted" src="https://www.irsam.fr/lescascavelles/2023/04/28/journee-de-sensibilisation-a-lautisme/embed/#?secret=DkdC4Oj0V8" width="600" height="338" title="« Journée de sensibilisation à l&rsquo;Autisme » &#8212; Les Cascavelles" data-secret="DkdC4Oj0V8" frameborder="0" marginwidth="0" marginheight="0" scrolling="no" class="wp-embedded-content"></iframe><script type="text/javascript">
/* <![CDATA[ */
/*! This file is auto-generated */
!function(d,l){"use strict";l.querySelector&&d.addEventListener&&"undefined"!=typeof URL&&(d.wp=d.wp||{},d.wp.receiveEmbedMessage||(d.wp.receiveEmbedMessage=function(e){var t=e.data;if((t||t.secret||t.message||t.value)&&!/[^a-zA-Z0-9]/.test(t.secret)){for(var s,r,n,a=l.querySelectorAll('iframe[data-secret="'+t.secret+'"]'),o=l.querySelectorAll('blockquote[data-secret="'+t.secret+'"]'),c=new RegExp("^https?:$","i"),i=0;i<o.length;i++)o[i].style.display="none";for(i=0;i<a.length;i++)s=a[i],e.source===s.contentWindow&&(s.removeAttribute("style"),"height"===t.message?(1e3<(r=parseInt(t.value,10))?r=1e3:~~r<200&&(r=200),s.height=r):"link"===t.message&&(r=new URL(s.getAttribute("src")),n=new URL(t.value),c.test(n.protocol))&&n.host===r.host&&l.activeElement===s&&(d.top.location.href=t.value))}},d.addEventListener("message",d.wp.receiveEmbedMessage,!1),l.addEventListener("DOMContentLoaded",function(){for(var e,t,s=l.querySelectorAll("iframe.wp-embedded-content"),r=0;r<s.length;r++)(t=(e=s[r]).getAttribute("data-secret"))||(t=Math.random().toString(36).substring(2,12),e.src+="#?secret="+t,e.setAttribute("data-secret",t)),e.contentWindow.postMessage({message:"ready",secret:t},"*")},!1)))}(window,document);
//# sourceURL=https://www.irsam.fr/lescascavelles/wp-includes/js/wp-embed.min.js
/* ]]> */
</script>

Les personnes accompagnées et les professionnels de l&rsquo;EAM (Etablissement d&rsquo;Accueil Médicalisé) IRSAM Les Cascavelles ont participé à la journée mondiale de sensibilisation à l’Autisme. Le samedi 1er avril, les professionnels ont tenu un stand au Blue Bayou à l’Etang Salé [&hellip;]
