{"version":"1.0","provider_name":"IRS de Provence","provider_url":"https:\/\/www.irsam.fr\/irs","author_name":"Laura LANGLAIS","author_url":"https:\/\/www.irsam.fr\/irs\/author\/llanglais\/","title":"Journ\u00e9e Info-Surdit\u00e9 \u00e0 IRSAM IRS de Provence - IRS de Provence","type":"rich","width":600,"height":338,"html":"<blockquote class=\"wp-embedded-content\" data-secret=\"2iOvx3w6Aq\"><a href=\"https:\/\/www.irsam.fr\/irs\/2022\/03\/30\/journee-info-surdite-irs-de-provence\/\">Journ\u00e9e Info-Surdit\u00e9 \u00e0 IRSAM IRS de Provence<\/a><\/blockquote><iframe sandbox=\"allow-scripts\" security=\"restricted\" src=\"https:\/\/www.irsam.fr\/irs\/2022\/03\/30\/journee-info-surdite-irs-de-provence\/embed\/#?secret=2iOvx3w6Aq\" width=\"600\" height=\"338\" title=\"\u00ab\u00a0Journ\u00e9e Info-Surdit\u00e9 \u00e0 IRSAM IRS de Provence\u00a0\u00bb &#8212; IRS de Provence\" data-secret=\"2iOvx3w6Aq\" frameborder=\"0\" marginwidth=\"0\" marginheight=\"0\" scrolling=\"no\" class=\"wp-embedded-content\"><\/iframe><script type=\"text\/javascript\">\n\/* <![CDATA[ *\/\n\/*! This file is auto-generated *\/\n!function(d,l){\"use strict\";l.querySelector&&d.addEventListener&&\"undefined\"!=typeof URL&&(d.wp=d.wp||{},d.wp.receiveEmbedMessage||(d.wp.receiveEmbedMessage=function(e){var t=e.data;if((t||t.secret||t.message||t.value)&&!\/[^a-zA-Z0-9]\/.test(t.secret)){for(var s,r,n,a=l.querySelectorAll('iframe[data-secret=\"'+t.secret+'\"]'),o=l.querySelectorAll('blockquote[data-secret=\"'+t.secret+'\"]'),c=new RegExp(\"^https?:$\",\"i\"),i=0;i<o.length;i++)o[i].style.display=\"none\";for(i=0;i<a.length;i++)s=a[i],e.source===s.contentWindow&&(s.removeAttribute(\"style\"),\"height\"===t.message?(1e3<(r=parseInt(t.value,10))?r=1e3:~~r<200&&(r=200),s.height=r):\"link\"===t.message&&(r=new URL(s.getAttribute(\"src\")),n=new URL(t.value),c.test(n.protocol))&&n.host===r.host&&l.activeElement===s&&(d.top.location.href=t.value))}},d.addEventListener(\"message\",d.wp.receiveEmbedMessage,!1),l.addEventListener(\"DOMContentLoaded\",function(){for(var e,t,s=l.querySelectorAll(\"iframe.wp-embedded-content\"),r=0;r<s.length;r++)(t=(e=s[r]).getAttribute(\"data-secret\"))||(t=Math.random().toString(36).substring(2,12),e.src+=\"#?secret=\"+t,e.setAttribute(\"data-secret\",t)),e.contentWindow.postMessage({message:\"ready\",secret:t},\"*\")},!1)))}(window,document);\n\/\/# sourceURL=https:\/\/www.irsam.fr\/irs\/wp-includes\/js\/wp-embed.min.js\n\/* ]]> *\/\n<\/script>\n","thumbnail_url":"https:\/\/www.irsam.fr\/irs\/wp-content\/uploads\/sites\/20\/2022\/03\/AE4A1476-min.jpg","thumbnail_width":1536,"thumbnail_height":1024,"description":"Accompagner des enfants sourds vers une pleine participation sociale sans v\u00e9ritablement savoir ce qu\u2019est la surdit\u00e9, ses moyens d\u2019accessibilit\u00e9 et de compensation, les choix linguistiques qui s\u2019offrent aux enfants, l\u2019histoire des sourds\u2026 \u00e7a n\u2019est pas simple&nbsp;! C\u2019est pourquoi l&rsquo;Institut pour [&hellip;]"}

Journée Info-Surdité à IRSAM IRS de Provence - IRS de Provence

<blockquote class="wp-embedded-content" data-secret="2iOvx3w6Aq"><a href="https://www.irsam.fr/irs/2022/03/30/journee-info-surdite-irs-de-provence/">Journée Info-Surdité à IRSAM IRS de Provence</a></blockquote><iframe sandbox="allow-scripts" security="restricted" src="https://www.irsam.fr/irs/2022/03/30/journee-info-surdite-irs-de-provence/embed/#?secret=2iOvx3w6Aq" width="600" height="338" title="« Journée Info-Surdité à IRSAM IRS de Provence » &#8212; IRS de Provence" data-secret="2iOvx3w6Aq" frameborder="0" marginwidth="0" marginheight="0" scrolling="no" class="wp-embedded-content"></iframe><script type="text/javascript">
/* <![CDATA[ */
/*! This file is auto-generated */
!function(d,l){"use strict";l.querySelector&&d.addEventListener&&"undefined"!=typeof URL&&(d.wp=d.wp||{},d.wp.receiveEmbedMessage||(d.wp.receiveEmbedMessage=function(e){var t=e.data;if((t||t.secret||t.message||t.value)&&!/[^a-zA-Z0-9]/.test(t.secret)){for(var s,r,n,a=l.querySelectorAll('iframe[data-secret="'+t.secret+'"]'),o=l.querySelectorAll('blockquote[data-secret="'+t.secret+'"]'),c=new RegExp("^https?:$","i"),i=0;i<o.length;i++)o[i].style.display="none";for(i=0;i<a.length;i++)s=a[i],e.source===s.contentWindow&&(s.removeAttribute("style"),"height"===t.message?(1e3<(r=parseInt(t.value,10))?r=1e3:~~r<200&&(r=200),s.height=r):"link"===t.message&&(r=new URL(s.getAttribute("src")),n=new URL(t.value),c.test(n.protocol))&&n.host===r.host&&l.activeElement===s&&(d.top.location.href=t.value))}},d.addEventListener("message",d.wp.receiveEmbedMessage,!1),l.addEventListener("DOMContentLoaded",function(){for(var e,t,s=l.querySelectorAll("iframe.wp-embedded-content"),r=0;r<s.length;r++)(t=(e=s[r]).getAttribute("data-secret"))||(t=Math.random().toString(36).substring(2,12),e.src+="#?secret="+t,e.setAttribute("data-secret",t)),e.contentWindow.postMessage({message:"ready",secret:t},"*")},!1)))}(window,document);
//# sourceURL=https://www.irsam.fr/irs/wp-includes/js/wp-embed.min.js
/* ]]> */
</script>

Accompagner des enfants sourds vers une pleine participation sociale sans véritablement savoir ce qu’est la surdité, ses moyens d’accessibilité et de compensation, les choix linguistiques qui s’offrent aux enfants, l’histoire des sourds… ça n’est pas simple&nbsp;! C’est pourquoi l&rsquo;Institut pour [&hellip;]
