{"version":"1.0","provider_name":"IREF Formation","provider_url":"https:\/\/www.irsam.fr\/iref","author_name":"anarayanin@irsam.fr","author_url":"https:\/\/www.irsam.fr\/iref\/author\/anarayaninirsam-fr\/","title":"Traverser et accompagner le deuil - IREF Formation","type":"rich","width":600,"height":338,"html":"<blockquote class=\"wp-embedded-content\" data-secret=\"6gUjzKbBvs\"><a href=\"https:\/\/www.irsam.fr\/iref\/2025\/06\/10\/traverser-et-accompagner-le-deuil\/\">Traverser et accompagner le deuil<\/a><\/blockquote><iframe sandbox=\"allow-scripts\" security=\"restricted\" src=\"https:\/\/www.irsam.fr\/iref\/2025\/06\/10\/traverser-et-accompagner-le-deuil\/embed\/#?secret=6gUjzKbBvs\" width=\"600\" height=\"338\" title=\"\u00ab\u00a0Traverser et accompagner le deuil\u00a0\u00bb &#8212; IREF Formation\" data-secret=\"6gUjzKbBvs\" frameborder=\"0\" marginwidth=\"0\" marginheight=\"0\" scrolling=\"no\" class=\"wp-embedded-content\"><\/iframe><script type=\"text\/javascript\">\n\/* <![CDATA[ *\/\n\/*! This file is auto-generated *\/\n!function(d,l){\"use strict\";l.querySelector&&d.addEventListener&&\"undefined\"!=typeof URL&&(d.wp=d.wp||{},d.wp.receiveEmbedMessage||(d.wp.receiveEmbedMessage=function(e){var t=e.data;if((t||t.secret||t.message||t.value)&&!\/[^a-zA-Z0-9]\/.test(t.secret)){for(var s,r,n,a=l.querySelectorAll('iframe[data-secret=\"'+t.secret+'\"]'),o=l.querySelectorAll('blockquote[data-secret=\"'+t.secret+'\"]'),c=new RegExp(\"^https?:$\",\"i\"),i=0;i<o.length;i++)o[i].style.display=\"none\";for(i=0;i<a.length;i++)s=a[i],e.source===s.contentWindow&&(s.removeAttribute(\"style\"),\"height\"===t.message?(1e3<(r=parseInt(t.value,10))?r=1e3:~~r<200&&(r=200),s.height=r):\"link\"===t.message&&(r=new URL(s.getAttribute(\"src\")),n=new URL(t.value),c.test(n.protocol))&&n.host===r.host&&l.activeElement===s&&(d.top.location.href=t.value))}},d.addEventListener(\"message\",d.wp.receiveEmbedMessage,!1),l.addEventListener(\"DOMContentLoaded\",function(){for(var e,t,s=l.querySelectorAll(\"iframe.wp-embedded-content\"),r=0;r<s.length;r++)(t=(e=s[r]).getAttribute(\"data-secret\"))||(t=Math.random().toString(36).substring(2,12),e.src+=\"#?secret=\"+t,e.setAttribute(\"data-secret\",t)),e.contentWindow.postMessage({message:\"ready\",secret:t},\"*\")},!1)))}(window,document);\n\/\/# sourceURL=https:\/\/www.irsam.fr\/iref\/wp-includes\/js\/wp-embed.min.js\n\/* ]]> *\/\n<\/script>\n","thumbnail_url":"https:\/\/www.irsam.fr\/iref\/wp-content\/uploads\/sites\/38\/2025\/09\/DEUIL-e1757586214668.jpeg","thumbnail_width":980,"thumbnail_height":893,"description":"Anim\u00e9e par la Docteure St\u00e9phanie LACONI, cette formation de 3 jours vous permettra de mieux comprendre le processus du deuil, d&rsquo;acqu\u00e9rir des outils concrets et une approche humaine afin d&rsquo;identifier les diff\u00e9rentes phases du deuil, rep\u00e9rer et mobiliser les ressources [&hellip;]"}

Animée par la Docteure Stéphanie LACONI, cette formation de 3 jours vous permettra de mieux comprendre le processus du deuil, d&rsquo;acquérir des outils concrets et une approche humaine afin d&rsquo;identifier les différentes phases du deuil, repérer et mobiliser les ressources [&hellip;]
